8 + -101. What is the hundreds digit of (v - -6) + (1062 - 1)?
0
Suppose -57*c + 68*c = 13101. What is the tens digit of c?
9
Let n = 61 - 67. What is the tens digit of (28/n)/(23/(-1380))?
8
Let i(m) = -m**3 - 5*m**2 + m - 6. Let l be (5 + -6)/((-1)/3). Suppose 2*k + 35 = -l*k. What is the tens digit of i(k)?
8
Suppose 2*a + o - 28648 = 0, -485*a - 4*o - 42994 = -488*a. What is the thousands digit of a?
4
Let z(f) = -7*f + 103. Let q be z(14). Let x be 7 - (-8 + 4 + q). Suppose 0 = -4*d + 2*p + 1036 - 238, x = 2*p. What is the tens digit of d?
0
What is the thousands digit of -6*3/6 - (-1740 - 0)?
1
Suppose 4*y + 89 = 85. Let i = y + 175. What is the tens digit of i?
7
Suppose 158 + 242 = -5*d. Let w = -63 - d. Suppose -1545 = -w*b + 2348. What is the hundreds digit of b?
2
Suppose -5*t + 4*f = -7, 0*t + 5*t - 19 = -2*f. Let m be (-4 - -1)/t - -1. Suppose m = y, -236 = -4*w - 0*y - y. What is the tens digit of w?
5
Let h(f) = -f**2 + 20*f + 22. Let q be h(21). Let m(t) = -t + 1. Let w(b) = 27*b + 2. Let j(i) = q*w(i) + m(i). What is the hundreds digit of j(4)?
1
Let b(q) = -16*q - 230. What is the tens digit of b(-44)?
7
Suppose 0 = -2*r - 5*s + 19675, 2*s + 20401 = 3*r - 9102. What is the units digit of r?
5
Let a = 5 + 8. Suppose -11*x + a*x - 712 = 0. What is the tens digit of x?
5
Let i be 8 + (0 - 0) - (-1 + 4). Suppose 0 = 3*g + 3*h - 1188, 1585 = i*g - g + 3*h. What is the tens digit of g?
9
Let v(x) be the third derivative of -13*x**4/24 - 25*x**3/3 + 5*x**2. Let l(m) = m**3 - 3*m - 6. Let f be l(-2). What is the units digit of v(f)?
4
Let z(f) = -f**2 - 55*f - 18. Let l be z(-27). Let w = l - 319. What is the units digit of w?
9
Suppose -405 - 56 = -5*r - g, -3*r - 5*g + 281 = 0. Let y = 537 - r. What is the tens digit of y?
4
Let z = 46 - 42. Let r be 10/5 - z/(8/(-6)). Suppose 0 = -4*c + 5*p + 245, -r*c - 5*p = -3*p - 265. What is the units digit of c?
5
Suppose 26*w + 128238 = 37*w. What is the hundreds digit of w?
6
Let x = -359 - -336. Let u(s) = 2*s**2 + 10*s - 13. What is the hundreds digit of u(x)?
8
Suppose 5*w + 0*w - 1419 = -3*k, k + w - 475 = 0. Suppose 0 = 3*u - 251 - k. What is the hundreds digit of u?
2
Let s = 1329 + 7721. What is the thousands digit of s?
9
Suppose 568 = -7*d + 11*d + 2*u, -4*d = -4*u - 580. Suppose d*x - 118*x = 19150. What is the tens digit of x?
6
What is the tens digit of (-92 + -782)*18/(-4)?
3
What is the ten thousands digit of 4806200/60 + 39 - (-8)/(-6)?
8
Let t = -2545 - -13586. What is the thousands digit of t?
1
Suppose -5*f - 93*v + 53361 = -90*v, f - 10677 = v. What is the thousands digit of f?
0
Suppose 7*z + k - 20 = 11*z, -4 = 3*z + 2*k. Let m(v) = 6*v + 1. Let u be m(-1). What is the tens digit of (z - 168/u)/((-2)/(-5))?
7
Suppose 0 = -5*b + 220 + 235. Suppose 3*s - 2 = -3*g + 1, 0 = 5*g - s + 1. Suppose g*t + t = b. What is the tens digit of t?
9
Let m(t) = 22*t**2 + 6*t + 25. Let x = -120 - -117. What is the units digit of m(x)?
5
Suppose -29*i = -6*i + 1081. Let n = 50 - i. What is the units digit of n?
7
Let b(m) be the second derivative of m**3/6 - 7*m**2 - 9*m. Let l be b(11). Let r(y) = 3*y**2 - 3*y + 1. What is the tens digit of r(l)?
3
Suppose -927*p + 914*p = -279006. What is the ten thousands digit of p?
2
Let r(c) = -8*c - 168. Let z be r(-27). Suppose -z*l + 51*l - 1464 = 0. What is the tens digit of l?
8
Let x(r) = 385*r - 50. Let y be x(8). Suppose -13*z + y = 2*z. Let d = z - 67. What is the units digit of d?
5
Suppose -4462 + 1426 = -22*j. Suppose 0 = 4*i + 215 + 29. Let t = i + j. What is the units digit of t?
7
Let a be ((0 - -971) + 1)/2. Suppose 3*f + 2*n = 15, 4*f = -4*n - n + 20. Suppose -a = -14*x + f*x. What is the tens digit of x?
5
Suppose -o - 3*g - 21 = 4, 2*o - 3*g = -41. Let x = 7 + o. What is the units digit of 2 - (0 + (x - 2)) - -2?
1
Suppose -5*t + 1000 = 2*n, 0*t + 800 = 4*t - n. What is the tens digit of 823 + (t/140)/(2/7)?
2
Suppose z = -2*r + 7, 0 = 5*z - 3*r - 6 - 3. Suppose -10 = s + 3*y + 2, 0 = z*y + 15. Suppose 411 = s*w - 0*x - 3*x, 20 = 5*x. What is the hundreds digit of w?
1
Suppose 3*f - 5 = 6*f - 4*i, -4*f + 3*i = -5. Let o(w) = 11*w**2 - 10*w + 21. What is the units digit of o(f)?
6
Let o be 3 - ((-58288)/112 - 6/(-14)). Let d = o + 69. Suppose -6*v = -344 - d. What is the hundreds digit of v?
1
Let b(v) be the first derivative of -2*v**3/3 - 26*v**2 + 23*v + 61. What is the tens digit of b(-25)?
7
Suppose -32*o + 40 = -36*o. What is the units digit of ((-642)/(-4))/((-5)/o)?
1
Let o(p) = -185*p + 5870. What is the hundreds digit of o(9)?
2
Let v(g) = -g**3 - 6*g**2 - 2*g - 12. Let q be v(-6). Suppose q = 4*b - 3*s + s - 7122, -1785 = -b - 4*s. What is the units digit of b?
1
Let t(m) = 2*m**3 + 2*m**2 - 8*m - 6. Let i be t(-2). Suppose i*u = -3*d + 1414, -3*u = -7*u - 4. What is the hundreds digit of d?
4
Suppose 33*i - 104820 - 2133 = 0. Let j = i + -2200. What is the units digit of j?
1
Suppose 0 = -64*n + 171054 + 202962. What is the thousands digit of n?
5
Let l(w) be the first derivative of -3*w**4/4 - 4*w**3/3 + 12*w + 4. Let o be (-6*(-2)/10)/((-48)/160). What is the tens digit of l(o)?
4
Suppose 0 = 6*a + 106 - 136. What is the hundreds digit of (8 + -4 - (6 + -736)) + a?
7
What is the units digit of (4/(-84)*-29343)/(11/77)?
1
Suppose -8*w = -90*w - 0*w + 557928. What is the tens digit of w?
0
Let w be 0 + 6/(-3) - (-4)/2. Suppose w*a - 7*a = -546. Suppose h - a = -4. What is the tens digit of h?
7
What is the tens digit of (-111545)/(-15) - (-285)/171?
3
Suppose -3*y + 5*n = -6*y + 3, 3*n - 3 = -2*y. Suppose 0 = y*a + 34 - 1636. Suppose a = -3*p + 6*p. What is the tens digit of p?
8
Suppose -12*p - 30696 + 93682 = 2*p. What is the thousands digit of p?
4
Let d(g) = -1 - 4*g + 3 - 3 - 2. Let o be d(-2). Suppose -o*k - 68 = -2*f, f - 4*f + k = -102. What is the tens digit of f?
3
Suppose -3*t + 5*t = 10. Let h = -2186 - -2188. Suppose -t*o + h*m + 125 = m, 3*o + 3*m - 75 = 0. What is the units digit of o?
5
Suppose 5*c = 3*f + 7, -5*f - 2*c = -3 - 37. Let h be 48/(-8)*2/f. What is the tens digit of h/7 + 198/7?
2
What is the tens digit of (6 - -9)*(-45816)/(-20)?
6
What is the thousands digit of (-5040)/(-5460) + (-441430)/(-26)?
6
Let i(w) = -w**2 + 6*w + 20. Let q be 8 - (-1)/(-3)*3*0. Let k be i(q). What is the tens digit of (-1)/(-2 - (684/(-87))/k)?
2
Let a be 14/(-4)*(-12)/14. Suppose -g - r + 3 = 0, 2*g - a*r = 4*g - 10. What is the units digit of 77 - (g - 1 - 1)?
0
Suppose -7*t - 23 = -8*t. Let i(l) = -l**2 + 14*l + 29. Let x be i(t). Let y = x + 334. What is the units digit of y?
6
Suppose 2*h = 8*w - 3*w - 13331, -4*w = -3*h - 10662. What is the tens digit of w?
6
Suppose -14*x = -16*x + 6094. Suppose 0 = 10*a + x - 917. Let g = a - -365. What is the units digit of g?
2
Suppose 27*y - 1773441 - 388509 = -31*y. What is the hundreds digit of y?
2
Let i(u) = -4*u - 29. Let t be i(-10). Suppose 4*w - t = 2*a + 9, 5*a - 2 = -3*w. Suppose -3*p = -6, 0*o - 46 = -w*o - p. What is the units digit of o?
1
Suppose 2*m = 2*l, -l - 3*l - 4*m = 8. Let u be 21/4 - l/(-4). Suppose 0*j - 2*z + 287 = u*j, 4*j = 2*z + 226. What is the tens digit of j?
5
Let i be 1 + 252/(-8)*(-24)/4. Let l(m) = -m**3 - 11*m**2 - 9*m + 7. Let f be l(-8). Let w = i + f. What is the units digit of w?
7
Suppose 4*w + 5*b - 6*b + 510 = 0, -w - 3*b = 121. Let u = w + -17. What is the tens digit of (-2)/(-5)*(-8 - -4 - u)?
5
Let i(p) = -p + 5. Let o be i(19). What is the units digit of -1 - -1 - (-7)/(o/(-52))?
6
Let z be 198/165 + (-8)/(-10). Let u(j) = 149*j**3 - 6*j**2 + 3*j - 2. What is the hundreds digit of u(z)?
1
Suppose s + 12*s = -52. What is the tens digit of (-1371)/2*s/6?
5
Suppose -v + 11 = -4*x - 9, -16 = -3*v + x. Let g be 3 + (7 - (v + -3)). Let z(s) = s**3 - 7*s**2 - 17*s + 7. What is the tens digit of z(g)?
1
Let z be (0 + 0 + 1)/((-8)/16). What is the tens digit of -1*(2/z)/(7/2989)?
2
Let z = -174 - -188. What is the tens digit of 4/z + (15298/7)/2?
9
Suppose 2*o - 118 = -t + 79, -4*o + 5*t + 359 = 0. Suppose 0 = -2*m - m, -4*c = -4*m - o. What is the units digit of c?
4
Let g = 48 + -42. Suppose 9*n + g = 24. What is the tens digit of n/(-7) - 2566/(-14)?
8
Let h be (-1 + -2)/15 + 376/(-20). Let z = 19 + h. Suppose 5*w + 5*j - 11